 - 10. Let t(w) = w**2 + w + 1. Let k(n) = t(n) - z(n). Let i be k(7). Suppose -i*v = 6 - 62. List the prime factors of v.
2, 7
Let i = -18 + 9. Let g(k) = -3*k - 4. Let q(n) = 18*n + 21. Let x(c) = -11*g(c) - 2*q(c). What are the prime factors of x(i)?
29
Let i = 12 - 10. Let w be i/((-28)/(-20) + -1). Suppose -w*o + 62 = 3*p, -3*p + 4*p + 53 = 4*o. What are the prime factors of o?
13
Let j = 106 + 354. What are the prime factors of j?
2, 5, 23
Suppose -39*f = 5*b - 37*f - 9697, 7751 = 4*b - 5*f. What are the prime factors of b?
7, 277
Suppose -4*d = -13*d + 414. Let l = -15 + d. List the prime factors of l.
31
Suppose 0 = -4*j + 4*g - 792, 226 = -2*j - 3*g - 165. Let l = -110 - j. What are the prime factors of l?
3, 29
Suppose 48 = 6*h - 288. Suppose x + 4*n - 63 = 0, -245 = -3*x - 4*n - h. List the prime factors of x.
3, 7
Let w(m) = -16*m**3 - 5*m**2 + 20*m + 7. List the prime factors of w(-6).
3163
Suppose 3*d = -17 + 5, b - 3*d - 301 = 0. List the prime factors of b.
17
Suppose 2*k + k = -o + 8, 0 = 4*o + 2*k + 8. Let f be (-2)/4*(o + 8). What are the prime factors of (8 - 17)*f/3?
2, 3
Suppose -k + 503 = -480. What are the prime factors of k?
983
Let m(k) = k**3 - k**2 - 9*k + 4. Suppose -v - 6*v + 28 = 0. List the prime factors of m(v).
2
Let m(n) = -n**2 - 23*n - 57. Let f be m(-20). Suppose 8*g = f*g + 575. What are the prime factors of g?
5, 23
Suppose -13650 = 15*p - 29*p. What are the prime factors of p?
3, 5, 13
Suppose 0 = -4*l + 2*o - 3*o + 14, -3*l - o = -10. Let v(b) = b**3 - 5*b**2 + 5*b - 4. Let y be v(l). What are the prime factors of (-3)/(3 - y) + 14?
13
Let o(t) = 17*t**2 + 1. Let l be o(5). Let v = l - 274. List the prime factors of v.
2, 19
Suppose 4*q + 1795 = -5*v + 7544, -2*v + 2326 = -5*q. List the prime factors of v.
1153
Let z = 352 + 579. List the prime factors of z.
7, 19
Let s(k) = 9*k**2 - k + 26. Let n be s(7). Suppose -n = 5*p - 10*p. What are the prime factors of p?
2, 23
Let g = -14 - -18. Suppose -519 = -g*n - 19. List the prime factors of n.
5
Suppose -17*n = -27568 + 1932. List the prime factors of n.
2, 13, 29
Suppose 3*o = 3*v - 2466, 11*v + 3291 = 15*v - o. List the prime factors of v.
823
Let x(c) = 4*c**2 - 29*c - 15. List the prime factors of x(22).
1283
Let q be (-12)/(-10)*30/12. Let v = -2 + q. Suppose -4*o - v = -33. List the prime factors of o.
2
Let z(h) = -h**2 - 8*h - 5. Let w be z(-7). Let p be 6 + (w - 4)*1. Suppose -p + 6 = u. What are the prime factors of u?
2
What are the prime factors of (-317)/(10/5 - (3 - 0))?
317
Suppose 5*m - 18 = -3. Suppose a + m*a = v, 4*a - 4*v = 0. Suppose -3*i + 74 = z, -3*i + 5*z = -a - 62. List the prime factors of i.
2, 3
Let v(w) = w**2 - 7*w - 253. What are the prime factors of v(-22)?
5, 7, 11
Suppose 3*k + 52 = n, 0*k + k = 2*n - 129. Suppose -n = 4*u - 207. What are the prime factors of u?
5, 7
Let p(h) = h**3 - 9*h**2 - 11*h + 9. Let q = 5 - -4. Let c be p(q). What are the prime factors of (-60)/(-9)*c/(-25)?
2, 3
List the prime factors of (-107744)/(-96) + 4/6.
1123
Suppose -2*t + 1579 = -1417. What are the prime factors of t?
2, 7, 107
Let b(q) = 366*q + 26. List the prime factors of b(8).
2, 7, 211
Let p = 0 - -3. Suppose -4*h = h + 4*r - 220, p*h = 4*r + 132. List the prime factors of h.
2, 11
What are the prime factors of ((-4)/6*214)/(44/(-66))?
2, 107
Suppose 0*q - 4*q + c = 205, 3*q + c = -145. Let p = q - -55. What are the prime factors of p?
5
Let h = -447 + 534. What are the prime factors of h?
3, 29
Let r(a) = 9*a**2 + a + 4. List the prime factors of r(-9).
2, 181
Let y be (-4)/7*1428/(-24). Let s = 106 - y. List the prime factors of s.
2, 3
Let b(s) = s**3 - 10*s**2 - 8. Let n be 2/(-2)*-13 - 3. Let d be b(n). Let i(j) = -j**3 - 9*j**2 - 11*j - 2. List the prime factors of i(d).
2, 11
Suppose 3*u - 5*a + 3*a - 4681 = 0, u - 1552 = -a. List the prime factors of u.
3, 173
Let c = 4945 - 3064. List the prime factors of c.
3, 11, 19
What are the prime factors of (-26935)/(-20) + (-7)/(-28)?
3, 449
Suppose 0 = -3*f + 4*a + 5527, -3*f + 5*f + 3*a - 3662 = 0. List the prime factors of f.
11, 167
Suppose 3*s = 7*s - 40. What are the prime factors of 8/20 - (-886)/s?
89
Suppose -4*x + 663 = 9*x. What are the prime factors of x?
3, 17
List the prime factors of (-9*(-10)/(-60))/((-2)/4588).
3, 31, 37
Suppose 13*h = 697 + 226. List the prime factors of h.
71
Let l(b) = -b**3 - 3*b**2 + 205. Let y = -60 + 60. What are the prime factors of l(y)?
5, 41
Let h be 28*-5*(-1)/20. Let t = 57 + h. List the prime factors of t.
2
Suppose 1848 = 4*o + 5*q, 8*o - 7*o - 4*q - 483 = 0. What are the prime factors of o?
467
Suppose 2*q - 2*o - 2 = 0, -195*q = -200*q + 3*o + 7. List the prime factors of q.
2
Let u(g) = -g**3 - 17*g**2 - 28*g + 45. List the prime factors of u(-17).
521
Let p(f) = -f**3 - 2*f**2 + 3*f + 3. Let j be (-1)/7 + (-40)/14. Let r be p(j). Suppose s = r*s - 24. List the prime factors of s.
2, 3
Let u = 522 + -217. List the prime factors of u.
5, 61
Let m = -1914 + 3609. What are the prime factors of m?
3, 5, 113
Suppose 0 = -g - t + 1, 4*g = -g + 5*t + 15. Let w = 8 - g. What are the prime factors of w?
2, 3
Suppose 3*w - 23 = -4*x, 0 = -3*w - 5*x + 2*x + 21. Suppose -w*v + 260 + 85 = 0. What are the prime factors of v?
3, 23
Let j(w) = 179*w - 7. Let q(b) = 2*b + 5. Let m be q(-2). List the prime factors of j(m).
2, 43
Suppose 1981 = -4*q + 2*u + 6223, 4*u = -5*q + 5309. What are the prime factors of q?
1061
Let t(h) = h**3 + 9*h - 17. List the prime factors of t(6).
11, 23
Suppose 4*q - 205 = 2*f + 25, 0 = q - 2*f - 53. Suppose 0 = -5*t + 5*p + 165, 2*p = -3*t - 3*p + q. What are the prime factors of t?
2, 7
Let w be (3 - 3/2)*2. What are the prime factors of (-3 - (-107 - -1)) + w*1?
2, 53
Let o be (1/2)/(16254/3252 - 5). Let v = -187 - o. What are the prime factors of v?
2, 3, 7
Let l(a) = a + 8. Let r(s) = -s**3 + 2*s**2 + 7*s - 2. Let u be r(4). Let b be l(u). Suppose -53 = -b*h + 25. What are the prime factors of h?
3, 13
Let q = 1 + -1. Suppose -171 = -q*o - 3*o. What are the prime factors of o?
3, 19
Let i = -13 + 17. Suppose -p + 21 = -i*p + 5*v, -2*p + 4*v - 16 = 0. What are the prime factors of (-2)/(p/(-132)*-4)?
3, 11
Suppose 5*g + 4*f - 5*f - 518 = 0, -4*f = -3*g + 304. Let a = g - 35. List the prime factors of a.
3, 23
Suppose y - 2*y + 3 = 0. Suppose -h + 4*h = y*i, 0 = -3*i + 2*h + 3. Suppose 0 = -i*s + 28 + 71. List the prime factors of s.
3, 11
Suppose 0*m = m - 5*w - 10, -m + 2*w + 4 = 0. List the prime factors of 38 - ((m - -1) + 2).
5, 7
Let b be (-3 - -3)/(2/1). Suppose 3*c = -b*y - 5*y + 75, y = -c + 17. List the prime factors of y.
2, 3
What are the prime factors of (-10)/(-15)*3444/7?
2, 41
Let i(o) = -o**3 - 26*o**2 + 21*o + 96. List the prime factors of i(-28).
2, 269
Let p(z) be the first derivative of -313*z**4/4 + z**3/3 - z**2/2 - 2*z - 36. What are the prime factors of p(-1)?
313
Let g = -24 - -28. Let d be 7 + 380 + 1/(-1). Suppose -g*r - 126 + d = -s, 3*r - 5*s - 195 = 0. What are the prime factors of r?
5, 13
Let f(i) be the first derivative of -5 - 2*i + i**2 + 4/3*i**3 - 1/4*i**4. What are the prime factors of f(4)?
2, 3
Suppose -576 = -m - 3*d, 946 = m - 5*d + 386. List the prime factors of m.
2, 3, 5, 19
Let c = 7 + -4. Let f(q) = -5*q + q**2 - 5*q**2 + c*q**2 + 2*q**2 - 13. List the prime factors of f(9).
23
Suppose 4*l + 2*z = z + 334, -4*l = 4*z - 340. List the prime factors of l.
83
Suppose 0*s - 3*t = 2*s - 695, 0 = 4*s - 4*t - 1420. Suppose 0 = -4*g + s + 228. What are the prime factors of g?
5, 29
Let d(p) = 1008*p + 29. What are the prime factors of d(2)?
5, 409
Let r(q) = q + 7. Let c be 6/15 - (-44)/(-10). Let a be r(c). Suppose a*o + 93 - 264 = 0. List the prime factors of o.
3, 19
Suppose -6*c + 2558 = -2350. What are the prime factors of c?
2, 409
Let l(h) be the first derivative of -h**4/4 - h**3 + h + 6. Let t be l(-3). Suppose t + 27 = 4*r. List the prime factors of r.
7
Suppose 4*l + 2*h = 6, -2*l = -3*h + 2*h - 5. Let y(c) = -11*c + 2 - 5 + c**2 - 5 - l*c**2. List the prime factors of y(-8).
2
Let h(c) = -379*c - 545. What are the prime factors of h(-13)?
2, 7, 313
Suppose 3*j - 48 = -6. Let g(c) = -c**3 + 15*c**2 - 10*c + 3. What are the prime factors of g(j)?
59
Let s(h) = 